{"id":10,"date":"2024-02-27T18:26:10","date_gmt":"2024-02-27T18:26:10","guid":{"rendered":"https:\/\/hapfilmyapim.com\/?page_id=10"},"modified":"2025-09-14T09:37:38","modified_gmt":"2025-09-14T09:37:38","slug":"hakkimizda","status":"publish","type":"page","link":"https:\/\/hapfilmyapim.com\/index.php\/hakkimizda\/","title":{"rendered":"HAKKIMIZDA"},"content":{"rendered":"\n<p><\/p>\n\n\n\n<p class=\"has-large-font-size\">HAKKIMIZDA <\/p>\n\n\n\n<p>Hap yap\u0131m 2020 y\u0131l\u0131nda Hasan Can Kaya, Tolga Kutlar ve Sultan San taraf\u0131ndan kuruldu. Konu\u015fanlar program\u0131 ile Youtube\u2019ta yay\u0131na ba\u015flayan \u015firket,program\u0131n pop\u00fclerli\u011finin artmas\u0131yla 2021 y\u0131l\u0131 ocak ay\u0131ndan ba\u015flayarak Konu\u015fanlar\u2019\u0131&nbsp; Exxen\u2019de yay\u0131nlamaya ba\u015flad\u0131. Konu\u015fanlar yay\u0131nland\u0131\u011f\u0131 ilk g\u00fcnden beri kanal\u0131n lider program\u0131 olmay\u0131 ba\u015fard\u0131.<br>Hap Yap\u0131m bu g\u00fcne kadar Bir Yeralt\u0131 Sitcom\u2019u ve&nbsp; A\u015fk Kumard\u0131r ad\u0131nda iki dizi projesi ve Stand Up Evreni ad\u0131nda 13 farkl\u0131 Stand Up komedyeninin performanslar\u0131n\u0131 sergiledi\u011fi bir program yay\u0131nlad\u0131.<\/p>\n\n\n\n<p>Hap Yap\u0131m \u00f6zellikle komedi konusunda yetkin bir yarat\u0131c\u0131 ekiple \u00e7al\u0131\u015f\u0131yor ve yak\u0131n bir tarihte&nbsp; yeni komedi i\u00e7eriklerini &nbsp;yay\u0131nlamaya haz\u0131rlan\u0131yor.<\/p>\n\n\n\n<p>Konu\u015fanlar da&nbsp; yeni sezonda&nbsp; yay\u0131n hayat\u0131na &nbsp;Disney+\u2019ta cevam ediyor.<\/p>\n\n\n\n<p><\/p>\n\n\n\n<p><\/p>\n\n\n\n<p><\/p>\n\n\n\n<p><\/p>\n\n\n\n<p><\/p>\n\n\n\n<p><\/p>\n\n\n\n<p><\/p>\n\n\n\n<p><\/p>\n\n\n\n<p><\/p>\n\n\n\n<p><\/p>\n\n\n\n<p><\/p>\n\n\n\n<p><\/p>\n\n\n\n<p><\/p>\n\n\n\n<p><\/p>\n\n\n\n<p><\/p>\n\n\n\n<p><\/p>\n\n\n\n<p><\/p>\n\n\n\n<p><\/p>\n\n\n\n<p><\/p>\n","protected":false},"excerpt":{"rendered":"<p>HAKKIMIZDA Hap yap\u0131m 2020 y\u0131l\u0131nda Hasan Can Kaya, Tolga Kutlar ve Sultan San taraf\u0131ndan kuruldu. Konu\u015fanlar program\u0131 ile Youtube\u2019ta yay\u0131na ba\u015flayan \u015firket,program\u0131n pop\u00fclerli\u011finin artmas\u0131yla 2021 y\u0131l\u0131 ocak ay\u0131ndan ba\u015flayarak Konu\u015fanlar\u2019\u0131&nbsp; Exxen\u2019de yay\u0131nlamaya ba\u015flad\u0131. Konu\u015fanlar yay\u0131nland\u0131\u011f\u0131 ilk g\u00fcnden beri kanal\u0131n lider program\u0131 olmay\u0131 ba\u015fard\u0131.Hap Yap\u0131m bu g\u00fcne kadar Bir Yeralt\u0131 Sitcom\u2019u ve&nbsp; A\u015fk Kumard\u0131r ad\u0131nda iki [&hellip;]<\/p>\n","protected":false},"author":1,"featured_media":0,"parent":0,"menu_order":0,"comment_status":"closed","ping_status":"closed","template":"page-no-separators","meta":{"footnotes":""},"class_list":["post-10","page","type-page","status-publish","hentry"],"_links":{"self":[{"href":"https:\/\/hapfilmyapim.com\/index.php\/wp-json\/wp\/v2\/pages\/10","targetHints":{"allow":["GET"]}}],"collection":[{"href":"https:\/\/hapfilmyapim.com\/index.php\/wp-json\/wp\/v2\/pages"}],"about":[{"href":"https:\/\/hapfilmyapim.com\/index.php\/wp-json\/wp\/v2\/types\/page"}],"author":[{"embeddable":true,"href":"https:\/\/hapfilmyapim.com\/index.php\/wp-json\/wp\/v2\/users\/1"}],"replies":[{"embeddable":true,"href":"https:\/\/hapfilmyapim.com\/index.php\/wp-json\/wp\/v2\/comments?post=10"}],"version-history":[{"count":8,"href":"https:\/\/hapfilmyapim.com\/index.php\/wp-json\/wp\/v2\/pages\/10\/revisions"}],"predecessor-version":[{"id":352,"href":"https:\/\/hapfilmyapim.com\/index.php\/wp-json\/wp\/v2\/pages\/10\/revisions\/352"}],"wp:attachment":[{"href":"https:\/\/hapfilmyapim.com\/index.php\/wp-json\/wp\/v2\/media?parent=10"}],"curies":[{"name":"wp","href":"https:\/\/api.w.org\/{rel}","templated":true}]}}